{"id":31,"date":"2022-09-09T12:30:24","date_gmt":"2022-09-09T10:30:24","guid":{"rendered":"https:\/\/ferchan-anima.org\/?page_id=31"},"modified":"2026-03-04T12:21:20","modified_gmt":"2026-03-04T11:21:20","slug":"la-rencontre-du-mouvement-de-lart-et-du-numerique","status":"publish","type":"page","link":"https:\/\/ferchan-anima.org\/","title":{"rendered":"Comprendre notre vision"},"content":{"rendered":"\n<p>FERCHAN ANIMA porte et incarne une ambition : Promouvoir la fili\u00e8re \u00e9quine \u00e0 travers les Arts Num\u00e9riques via des exp\u00e9riences m\u00ealant r\u00e9el et virtuel.<\/p>\n\n\n\n<p>FERCHAN ANIMA propose diff\u00e9rentes approche allant de l&#8217;exposition &#8220;phygitale&#8221; \u00e0 une s\u00e9rie de spectacles immersifs en r\u00e9alit\u00e9 mixte mettant en sc\u00e8ne la relation entre l\u2019Homme et le Cheval. <\/p>\n\n\n\n<p>Les spectateurs sont alors immerg\u00e9s au c\u0153ur d\u2019un espace central o\u00f9 chevaux virtuels et physiques \u00e9voluent autour d\u2019eux. Chaque exp\u00e9rience dure entre 5 et 15 minutes selon les sc\u00e9narios et les interactions du public.<\/p>\n\n\n\n<figure class=\"wp-block-embed is-type-video is-provider-youtube wp-block-embed-youtube wp-embed-aspect-16-9 wp-has-aspect-ratio\"><div class=\"wp-block-embed__wrapper\">\n<iframe loading=\"lazy\" title=\"FERCHAN ANIMA au Carre des Aigles 2026\" width=\"950\" height=\"534\" src=\"https:\/\/www.youtube.com\/embed\/NLe8X1tdcMQ?feature=oembed\" frameborder=\"0\" allow=\"accelerometer; autoplay; clipboard-write; encrypted-media; gyroscope; picture-in-picture; web-share\" referrerpolicy=\"strict-origin-when-cross-origin\" allowfullscreen><\/iframe>\n<\/div><\/figure>\n\n\n\n<hr class=\"wp-block-separator has-text-color has-alpha-channel-opacity has-background is-style-default\" style=\"background-color:#ffffff00;color:#ffffff00\"\/>\n\n\n\n<h2 class=\"wp-block-heading\">P\u00e9n\u00e9trez au coeur d&#8217;une \u0153uvre<\/h2>\n\n\n\n<p class=\"has-text-align-left has-medium-font-size\"><span style=\"font-size: revert; color: initial;\"><strong>D\u00e9couvrez notre concept r\u00e9v\u00e9l\u00e9 lors de la Polo Rider&#8217;s cup 2021.<\/strong><\/span><\/p>\n\n\n\n<p>Gr\u00e2ce au digital, <strong>le visiteur est plong\u00e9 au c\u0153ur de l\u2019\u0153uvre <\/strong>jusqu\u2019\u00e0 devenir le protagoniste principal. <br>Ici, le mouvement n\u2019est plus sugg\u00e9r\u00e9 mais incarn\u00e9 dans l\u2019espace pour \u00eatre <strong>ressenti par TOUS les sens<\/strong>.<\/p>\n\n\n\n<figure class=\"wp-block-embed alignwide is-type-video is-provider-youtube wp-block-embed-youtube wp-embed-aspect-16-9 wp-has-aspect-ratio\"><div class=\"wp-block-embed__wrapper\">\n<iframe loading=\"lazy\" title=\"Fer Chan Anima - Polo Rider Cup 2021\" width=\"950\" height=\"534\" src=\"https:\/\/www.youtube.com\/embed\/kkzrOtyY8bo?feature=oembed\" frameborder=\"0\" allow=\"accelerometer; autoplay; clipboard-write; encrypted-media; gyroscope; picture-in-picture; web-share\" referrerpolicy=\"strict-origin-when-cross-origin\" allowfullscreen><\/iframe>\n<\/div><\/figure>\n\n\n\n<hr class=\"wp-block-separator has-text-color has-alpha-channel-opacity has-background is-style-default\" style=\"background-color:#ffffff00;color:#ffffff00\"\/>\n\n\n\n<div class=\"wp-block-group alignfull has-white-background-color has-background\"><div class=\"wp-block-group__inner-container is-layout-flow wp-block-group-is-layout-flow\">\n<h2 class=\"wp-block-heading has-text-align-center\">En savoir plus sur le projet ?<\/h2>\n\n\n\n<p class=\"has-text-align-center\">N&#8217;h\u00e9sitez pas \u00e0 prendre contact avec nous par mail sur :<\/p>\n\n\n\n<div class=\"wp-block-buttons is-content-justification-center is-layout-flex wp-container-core-buttons-is-layout-16018d1d wp-block-buttons-is-layout-flex\">\n<div class=\"wp-block-button is-style-fill\"><a class=\"wp-block-button__link has-small-font-size has-custom-font-size wp-element-button\" href=\"<a href=&quot;mailto:contact@ferchan-anima.org&quot;&gt; Contactez-nous <\/a&gt;\">contact@ferchan-anima.org<\/a><\/div>\n<\/div>\n<\/div><\/div>\n","protected":false},"excerpt":{"rendered":"<p>FERCHAN ANIMA porte et incarne une ambition : Promouvoir la fili\u00e8re \u00e9quine \u00e0 travers les Arts Num\u00e9riques via des exp\u00e9riences m\u00ealant r\u00e9el et virtuel. FERCHAN ANIMA propose diff\u00e9rentes approche allant de l&#8217;exposition &#8220;phygitale&#8221; \u00e0 une s\u00e9rie de spectacles immersifs en r\u00e9alit\u00e9 mixte mettant en sc\u00e8ne la relation entre l\u2019Homme et le Cheval. Les spectateurs sont &hellip; <\/p>\n<p class=\"link-more\"><a href=\"https:\/\/ferchan-anima.org\/\" class=\"more-link\">Read more<span class=\"screen-reader-text\"> &#8220;Comprendre notre vision&#8221;<\/span><\/a><\/p>\n","protected":false},"author":2,"featured_media":35,"parent":0,"menu_order":0,"comment_status":"closed","ping_status":"closed","template":"templates\/template-full-width.php","meta":{"footnotes":""},"class_list":["post-31","page","type-page","status-publish","has-post-thumbnail","hentry"],"_links":{"self":[{"href":"https:\/\/ferchan-anima.org\/index.php\/wp-json\/wp\/v2\/pages\/31","targetHints":{"allow":["GET"]}}],"collection":[{"href":"https:\/\/ferchan-anima.org\/index.php\/wp-json\/wp\/v2\/pages"}],"about":[{"href":"https:\/\/ferchan-anima.org\/index.php\/wp-json\/wp\/v2\/types\/page"}],"author":[{"embeddable":true,"href":"https:\/\/ferchan-anima.org\/index.php\/wp-json\/wp\/v2\/users\/2"}],"replies":[{"embeddable":true,"href":"https:\/\/ferchan-anima.org\/index.php\/wp-json\/wp\/v2\/comments?post=31"}],"version-history":[{"count":38,"href":"https:\/\/ferchan-anima.org\/index.php\/wp-json\/wp\/v2\/pages\/31\/revisions"}],"predecessor-version":[{"id":168,"href":"https:\/\/ferchan-anima.org\/index.php\/wp-json\/wp\/v2\/pages\/31\/revisions\/168"}],"wp:featuredmedia":[{"embeddable":true,"href":"https:\/\/ferchan-anima.org\/index.php\/wp-json\/wp\/v2\/media\/35"}],"wp:attachment":[{"href":"https:\/\/ferchan-anima.org\/index.php\/wp-json\/wp\/v2\/media?parent=31"}],"curies":[{"name":"wp","href":"https:\/\/api.w.org\/{rel}","templated":true}]}}

<p>FERCHAN ANIMA porte et incarne une ambition : Promouvoir la filière équine à travers les Arts Numériques via des expériences mêlant réel et virtuel.</p>



<p>FERCHAN ANIMA propose différentes approche allant de l&#8217;exposition &#8220;phygitale&#8221; à une série de spectacles immersifs en réalité mixte mettant en scène la relation entre l’Homme et le Cheval. </p>



<p>Les spectateurs sont alors immergés au cœur d’un espace central où chevaux virtuels et physiques évoluent autour d’eux. Chaque expérience dure entre 5 et 15 minutes selon les scénarios et les interactions du public.</p>



<figure class="wp-block-embed is-type-video is-provider-youtube wp-block-embed-youtube wp-embed-aspect-16-9 wp-has-aspect-ratio"><div class="wp-block-embed__wrapper">
<iframe loading="lazy" title="FERCHAN ANIMA au Carre des Aigles 2026" width="950" height="534" src="https://www.youtube.com/embed/NLe8X1tdcMQ?feature=oembed" frameborder="0" allow="accelerometer; autoplay; clipboard-write; encrypted-media; gyroscope; picture-in-picture; web-share" referrerpolicy="strict-origin-when-cross-origin" allowfullscreen></iframe>
</div></figure>



<hr class="wp-block-separator has-text-color has-alpha-channel-opacity has-background is-style-default" style="background-color:#ffffff00;color:#ffffff00"/>



<h2 class="wp-block-heading">Pénétrez au coeur d&#8217;une œuvre</h2>



<p class="has-text-align-left has-medium-font-size"><span style="font-size: revert; color: initial;"><strong>Découvrez notre concept révélé lors de la Polo Rider&#8217;s cup 2021.</strong></span></p>



<p>Grâce au digital, <strong>le visiteur est plongé au cœur de l’œuvre </strong>jusqu’à devenir le protagoniste principal. <br>Ici, le mouvement n’est plus suggéré mais incarné dans l’espace pour être <strong>ressenti par TOUS les sens</strong>.</p>



<figure class="wp-block-embed alignwide is-type-video is-provider-youtube wp-block-embed-youtube wp-embed-aspect-16-9 wp-has-aspect-ratio"><div class="wp-block-embed__wrapper">
<iframe loading="lazy" title="Fer Chan Anima - Polo Rider Cup 2021" width="950" height="534" src="https://www.youtube.com/embed/kkzrOtyY8bo?feature=oembed" frameborder="0" allow="accelerometer; autoplay; clipboard-write; encrypted-media; gyroscope; picture-in-picture; web-share" referrerpolicy="strict-origin-when-cross-origin" allowfullscreen></iframe>
</div></figure>



<hr class="wp-block-separator has-text-color has-alpha-channel-opacity has-background is-style-default" style="background-color:#ffffff00;color:#ffffff00"/>



<div class="wp-block-group alignfull has-white-background-color has-background"><div class="wp-block-group__inner-container is-layout-flow wp-block-group-is-layout-flow">
<h2 class="wp-block-heading has-text-align-center">En savoir plus sur le projet ?</h2>



<p class="has-text-align-center">N&#8217;hésitez pas à prendre contact avec nous par mail sur :</p>



<div class="wp-block-buttons is-content-justification-center is-layout-flex wp-container-core-buttons-is-layout-16018d1d wp-block-buttons-is-layout-flex">
<div class="wp-block-button is-style-fill"><a class="wp-block-button__link has-small-font-size has-custom-font-size wp-element-button" href="<a href=&quot;mailto:contact@ferchan-anima.org&quot;&gt; Contactez-nous </a&gt;">contact@ferchan-anima.org</a></div>
</div>
</div></div>

<p>FERCHAN ANIMA porte et incarne une ambition : Promouvoir la filière équine à travers les Arts Numériques via des expériences mêlant réel et virtuel. FERCHAN ANIMA propose différentes approche allant de l&#8217;exposition &#8220;phygitale&#8221; à une série de spectacles immersifs en réalité mixte mettant en scène la relation entre l’Homme et le Cheval. Les spectateurs sont &hellip; </p>
<p class="link-more"><a href="https://ferchan-anima.org/" class="more-link">Read more<span class="screen-reader-text"> &#8220;Comprendre notre vision&#8221;</span></a></p>
