{"id":124,"date":"2022-10-28T17:11:17","date_gmt":"2022-10-28T15:11:17","guid":{"rendered":"https:\/\/ferchan-anima.org\/?page_id=124"},"modified":"2022-10-28T17:17:54","modified_gmt":"2022-10-28T15:17:54","slug":"en-dautres-mots","status":"publish","type":"page","link":"https:\/\/ferchan-anima.org\/index.php\/en-dautres-mots\/","title":{"rendered":"En d&#8217;autres mots &#8230;"},"content":{"rendered":"\n<p>Imaginez une exposition o\u00f9 chaque \u0153uvre vous fait <strong>vivre une exp\u00e9rience unique<\/strong> et in\u00e9dite,<br>o\u00f9 votre parcours est con\u00e7u crescendo pour <strong>stimuler vos sens<\/strong> et <strong>vos \u00e9motions<\/strong>,<br>o\u00f9 chaque \u0153uvre digitale se fond dans le d\u00e9cor jusqu&#8217;\u00e0 <strong>se d\u00e9voiler lors de votre passage<\/strong>.<\/p>\n\n\n\n<figure class=\"wp-block-image size-large\"><img loading=\"lazy\" decoding=\"async\" width=\"1024\" height=\"577\" src=\"http:\/\/ferchan-anima.org\/wp-content\/uploads\/2022\/10\/parcours-1-1024x577.png\" alt=\"\" class=\"wp-image-83\" srcset=\"https:\/\/ferchan-anima.org\/wp-content\/uploads\/2022\/10\/parcours-1-1024x577.png 1024w, https:\/\/ferchan-anima.org\/wp-content\/uploads\/2022\/10\/parcours-1-300x169.png 300w, https:\/\/ferchan-anima.org\/wp-content\/uploads\/2022\/10\/parcours-1-768x433.png 768w, https:\/\/ferchan-anima.org\/wp-content\/uploads\/2022\/10\/parcours-1-1536x865.png 1536w, https:\/\/ferchan-anima.org\/wp-content\/uploads\/2022\/10\/parcours-1-2048x1154.png 2048w, https:\/\/ferchan-anima.org\/wp-content\/uploads\/2022\/10\/parcours-1-1200x676.png 1200w, https:\/\/ferchan-anima.org\/wp-content\/uploads\/2022\/10\/parcours-1-1980x1116.png 1980w\" sizes=\"auto, (max-width: 1024px) 100vw, 1024px\" \/><\/figure>\n\n\n\n<figure class=\"wp-block-video\"><video height=\"1080\" style=\"aspect-ratio: 1920 \/ 1080;\" width=\"1920\" autoplay controls loop muted src=\"http:\/\/ferchan-anima.org\/wp-content\/uploads\/2022\/10\/Anima_genese.mp4\"><\/video><\/figure>\n\n\n\n<p><\/p>\n\n\n\n<figure class=\"wp-block-video\"><video height=\"1080\" style=\"aspect-ratio: 1920 \/ 1080;\" width=\"1920\" autoplay controls loop muted src=\"https:\/\/ferchan-anima.org\/wp-content\/uploads\/2022\/10\/Anima_mouvement.mp4\"><\/video><\/figure>\n\n\n\n<figure class=\"wp-block-video\"><video height=\"1080\" style=\"aspect-ratio: 1920 \/ 1080;\" width=\"1920\" controls loop muted src=\"https:\/\/ferchan-anima.org\/wp-content\/uploads\/2022\/10\/Anima_hologramme.mp4\"><\/video><\/figure>\n\n\n\n<figure class=\"wp-block-video\"><video height=\"1080\" style=\"aspect-ratio: 1920 \/ 1080;\" width=\"1920\" autoplay controls loop muted src=\"https:\/\/ferchan-anima.org\/wp-content\/uploads\/2022\/10\/Anima_parallax.mp4\"><\/video><\/figure>\n\n\n\n<figure class=\"wp-block-video\"><video height=\"1080\" style=\"aspect-ratio: 1920 \/ 1080;\" width=\"1920\" controls src=\"https:\/\/ferchan-anima.org\/wp-content\/uploads\/2022\/10\/Anima_ImmerSON.mp4\"><\/video><\/figure>\n","protected":false},"excerpt":{"rendered":"<p>Imaginez une exposition o\u00f9 chaque \u0153uvre vous fait vivre une exp\u00e9rience unique et in\u00e9dite,o\u00f9 votre parcours est con\u00e7u crescendo pour stimuler vos sens et vos \u00e9motions,o\u00f9 chaque \u0153uvre digitale se fond dans le d\u00e9cor jusqu&#8217;\u00e0 se d\u00e9voiler lors de votre passage.<\/p>\n","protected":false},"author":3,"featured_media":0,"parent":0,"menu_order":0,"comment_status":"closed","ping_status":"closed","template":"","meta":{"footnotes":""},"class_list":["post-124","page","type-page","status-publish","hentry"],"_links":{"self":[{"href":"https:\/\/ferchan-anima.org\/index.php\/wp-json\/wp\/v2\/pages\/124","targetHints":{"allow":["GET"]}}],"collection":[{"href":"https:\/\/ferchan-anima.org\/index.php\/wp-json\/wp\/v2\/pages"}],"about":[{"href":"https:\/\/ferchan-anima.org\/index.php\/wp-json\/wp\/v2\/types\/page"}],"author":[{"embeddable":true,"href":"https:\/\/ferchan-anima.org\/index.php\/wp-json\/wp\/v2\/users\/3"}],"replies":[{"embeddable":true,"href":"https:\/\/ferchan-anima.org\/index.php\/wp-json\/wp\/v2\/comments?post=124"}],"version-history":[{"count":4,"href":"https:\/\/ferchan-anima.org\/index.php\/wp-json\/wp\/v2\/pages\/124\/revisions"}],"predecessor-version":[{"id":156,"href":"https:\/\/ferchan-anima.org\/index.php\/wp-json\/wp\/v2\/pages\/124\/revisions\/156"}],"wp:attachment":[{"href":"https:\/\/ferchan-anima.org\/index.php\/wp-json\/wp\/v2\/media?parent=124"}],"curies":[{"name":"wp","href":"https:\/\/api.w.org\/{rel}","templated":true}]}}