{"id":100,"date":"2022-10-06T15:43:51","date_gmt":"2022-10-06T13:43:51","guid":{"rendered":"https:\/\/ferchan-anima.org\/?page_id=100"},"modified":"2022-11-12T09:54:26","modified_gmt":"2022-11-12T08:54:26","slug":"le-collectif","status":"publish","type":"page","link":"https:\/\/ferchan-anima.org\/index.php\/le-collectif\/","title":{"rendered":"Le collectif"},"content":{"rendered":"\n<div class=\"wp-block-columns alignwide are-vertically-aligned-top is-layout-flex wp-container-core-columns-is-layout-9d6595d7 wp-block-columns-is-layout-flex\">\n<div class=\"wp-block-column is-vertically-aligned-top is-layout-flow wp-block-column-is-layout-flow\">\n<div class=\"wp-block-columns are-vertically-aligned-center is-layout-flex wp-container-core-columns-is-layout-9d6595d7 wp-block-columns-is-layout-flex\">\n<div class=\"wp-block-column is-vertically-aligned-center is-layout-flow wp-block-column-is-layout-flow\">\n<p class=\"has-text-align-center\"><strong>Virginie<\/strong> Ferret-Courtel<\/p>\n\n\n<div class=\"wp-block-image\">\n<figure class=\"aligncenter size-full is-resized\"><img loading=\"lazy\" decoding=\"async\" src=\"https:\/\/ferchan-anima.org\/wp-content\/uploads\/2022\/10\/Virginie.jpg\" alt=\"\" class=\"wp-image-101\" width=\"183\" height=\"260\"\/><figcaption class=\"wp-element-caption\">Peintre \/ Plasticienne<\/figcaption><\/figure>\n<\/div><\/div>\n\n\n\n<div class=\"wp-block-column is-vertically-aligned-center is-layout-flow wp-block-column-is-layout-flow\">\n<p class=\"has-text-align-center\"><strong>Richard<\/strong> Galano<\/p>\n\n\n<div class=\"wp-block-image\">\n<figure class=\"aligncenter size-medium is-resized\"><img loading=\"lazy\" decoding=\"async\" src=\"https:\/\/ferchan-anima.org\/wp-content\/uploads\/2022\/10\/7N9A9156-Modifier-2-200x300.jpg\" alt=\"\" class=\"wp-image-102\" width=\"175\" height=\"262\" srcset=\"https:\/\/ferchan-anima.org\/wp-content\/uploads\/2022\/10\/7N9A9156-Modifier-2-200x300.jpg 200w, https:\/\/ferchan-anima.org\/wp-content\/uploads\/2022\/10\/7N9A9156-Modifier-2-683x1024.jpg 683w, https:\/\/ferchan-anima.org\/wp-content\/uploads\/2022\/10\/7N9A9156-Modifier-2-768x1152.jpg 768w, https:\/\/ferchan-anima.org\/wp-content\/uploads\/2022\/10\/7N9A9156-Modifier-2-1024x1536.jpg 1024w, https:\/\/ferchan-anima.org\/wp-content\/uploads\/2022\/10\/7N9A9156-Modifier-2-1366x2048.jpg 1366w, https:\/\/ferchan-anima.org\/wp-content\/uploads\/2022\/10\/7N9A9156-Modifier-2.jpg 1667w\" sizes=\"auto, (max-width: 175px) 100vw, 175px\" \/><figcaption class=\"wp-element-caption\">Concepteur Exp\u00e9rientiel<\/figcaption><\/figure>\n<\/div><\/div>\n<\/div>\n<\/div>\n\n\n\n<div class=\"wp-block-column is-vertically-aligned-top is-layout-flow wp-block-column-is-layout-flow\">\n<div class=\"wp-block-columns is-layout-flex wp-container-core-columns-is-layout-9d6595d7 wp-block-columns-is-layout-flex\">\n<div class=\"wp-block-column is-layout-flow wp-block-column-is-layout-flow\">\n<p class=\"has-text-align-center\"><strong>Freddy<\/strong> Kon\u00e9<\/p>\n\n\n<div class=\"wp-block-image\">\n<figure class=\"aligncenter size-full is-resized\"><img loading=\"lazy\" decoding=\"async\" src=\"https:\/\/ferchan-anima.org\/wp-content\/uploads\/2022\/10\/Freddy-th.png\" alt=\"\" class=\"wp-image-103\" width=\"183\" height=\"264\"\/><figcaption class=\"wp-element-caption\">Directeur Technique<\/figcaption><\/figure>\n<\/div><\/div>\n\n\n\n<div class=\"wp-block-column is-layout-flow wp-block-column-is-layout-flow\">\n<p class=\"has-text-align-center\"><strong>David<\/strong> Fabre<\/p>\n\n\n<div class=\"wp-block-image\">\n<figure class=\"aligncenter size-full is-resized\"><img loading=\"lazy\" decoding=\"async\" src=\"https:\/\/ferchan-anima.org\/wp-content\/uploads\/2022\/10\/David-F.jpg\" alt=\"\" class=\"wp-image-104\" width=\"184\" height=\"264\"\/><figcaption class=\"wp-element-caption\">Architect \/ Designer<\/figcaption><\/figure>\n<\/div><\/div>\n<\/div>\n<\/div>\n<\/div>\n\n\n\n<p>Anima est un collectif de cr\u00e9atifs issus des <strong>arts num\u00e9riques<\/strong>, des <strong>arts plastiques<\/strong>, du<strong> design d&#8217;espace<\/strong> et du <strong>digital exp\u00e9rientiel<\/strong>.<br><br>Apr\u00e8s avoir con\u00e7u et r\u00e9alis\u00e9 de nombreux projets de commande pour les plus grandes soci\u00e9t\u00e9s fran\u00e7aises et europ\u00e9ennes, nous avons souhait\u00e9 exprimer toute <strong>notre cr\u00e9ativit\u00e9 collective sans contrainte<\/strong>.<br><br>Aujourd&#8217;hui, nous proposons des concepts allant de oeuvre phygitale* \u00e0 l&#8217;exposition immersives itin\u00e9rante avec comme seul leitmotiv, faire vivre <strong>un voyage onirique unique<\/strong> aux visiteurs.<\/p>\n\n\n\n<p> <\/p>\n\n\n\n<p class=\"has-text-align-right has-small-font-size\">* Contraction des mots <strong>phy<\/strong>sique et di<strong>gital<\/strong>, <\/p>\n","protected":false},"excerpt":{"rendered":"<p>Virginie Ferret-Courtel Richard Galano Freddy Kon\u00e9 David Fabre Anima est un collectif de cr\u00e9atifs issus des arts num\u00e9riques, des arts plastiques, du design d&#8217;espace et du digital exp\u00e9rientiel. Apr\u00e8s avoir con\u00e7u et r\u00e9alis\u00e9 de nombreux projets de commande pour les plus grandes soci\u00e9t\u00e9s fran\u00e7aises et europ\u00e9ennes, nous avons souhait\u00e9 exprimer toute notre cr\u00e9ativit\u00e9 collective sans &hellip; <\/p>\n<p class=\"link-more\"><a href=\"https:\/\/ferchan-anima.org\/index.php\/le-collectif\/\" class=\"more-link\">Read more<span class=\"screen-reader-text\"> &#8220;Le collectif&#8221;<\/span><\/a><\/p>\n","protected":false},"author":3,"featured_media":0,"parent":0,"menu_order":0,"comment_status":"closed","ping_status":"closed","template":"","meta":{"footnotes":""},"class_list":["post-100","page","type-page","status-publish","hentry"],"_links":{"self":[{"href":"https:\/\/ferchan-anima.org\/index.php\/wp-json\/wp\/v2\/pages\/100","targetHints":{"allow":["GET"]}}],"collection":[{"href":"https:\/\/ferchan-anima.org\/index.php\/wp-json\/wp\/v2\/pages"}],"about":[{"href":"https:\/\/ferchan-anima.org\/index.php\/wp-json\/wp\/v2\/types\/page"}],"author":[{"embeddable":true,"href":"https:\/\/ferchan-anima.org\/index.php\/wp-json\/wp\/v2\/users\/3"}],"replies":[{"embeddable":true,"href":"https:\/\/ferchan-anima.org\/index.php\/wp-json\/wp\/v2\/comments?post=100"}],"version-history":[{"count":12,"href":"https:\/\/ferchan-anima.org\/index.php\/wp-json\/wp\/v2\/pages\/100\/revisions"}],"predecessor-version":[{"id":161,"href":"https:\/\/ferchan-anima.org\/index.php\/wp-json\/wp\/v2\/pages\/100\/revisions\/161"}],"wp:attachment":[{"href":"https:\/\/ferchan-anima.org\/index.php\/wp-json\/wp\/v2\/media?parent=100"}],"curies":[{"name":"wp","href":"https:\/\/api.w.org\/{rel}","templated":true}]}}

<div class="wp-block-columns alignwide are-vertically-aligned-top is-layout-flex wp-container-core-columns-is-layout-9d6595d7 wp-block-columns-is-layout-flex">
<div class="wp-block-column is-vertically-aligned-top is-layout-flow wp-block-column-is-layout-flow">
<div class="wp-block-columns are-vertically-aligned-center is-layout-flex wp-container-core-columns-is-layout-9d6595d7 wp-block-columns-is-layout-flex">
<div class="wp-block-column is-vertically-aligned-center is-layout-flow wp-block-column-is-layout-flow">
<p class="has-text-align-center"><strong>Virginie</strong> Ferret-Courtel</p>


<div class="wp-block-image">
<figure class="aligncenter size-full is-resized"><img loading="lazy" decoding="async" src="https://ferchan-anima.org/wp-content/uploads/2022/10/Virginie.jpg" alt="" class="wp-image-101" width="183" height="260"/><figcaption class="wp-element-caption">Peintre / Plasticienne</figcaption></figure>
</div></div>



<div class="wp-block-column is-vertically-aligned-center is-layout-flow wp-block-column-is-layout-flow">
<p class="has-text-align-center"><strong>Richard</strong> Galano</p>


<div class="wp-block-image">
<figure class="aligncenter size-medium is-resized"><img loading="lazy" decoding="async" src="https://ferchan-anima.org/wp-content/uploads/2022/10/7N9A9156-Modifier-2-200x300.jpg" alt="" class="wp-image-102" width="175" height="262" srcset="https://ferchan-anima.org/wp-content/uploads/2022/10/7N9A9156-Modifier-2-200x300.jpg 200w, https://ferchan-anima.org/wp-content/uploads/2022/10/7N9A9156-Modifier-2-683x1024.jpg 683w, https://ferchan-anima.org/wp-content/uploads/2022/10/7N9A9156-Modifier-2-768x1152.jpg 768w, https://ferchan-anima.org/wp-content/uploads/2022/10/7N9A9156-Modifier-2-1024x1536.jpg 1024w, https://ferchan-anima.org/wp-content/uploads/2022/10/7N9A9156-Modifier-2-1366x2048.jpg 1366w, https://ferchan-anima.org/wp-content/uploads/2022/10/7N9A9156-Modifier-2.jpg 1667w" sizes="auto, (max-width: 175px) 100vw, 175px" /><figcaption class="wp-element-caption">Concepteur Expérientiel</figcaption></figure>
</div></div>
</div>
</div>



<div class="wp-block-column is-vertically-aligned-top is-layout-flow wp-block-column-is-layout-flow">
<div class="wp-block-columns is-layout-flex wp-container-core-columns-is-layout-9d6595d7 wp-block-columns-is-layout-flex">
<div class="wp-block-column is-layout-flow wp-block-column-is-layout-flow">
<p class="has-text-align-center"><strong>Freddy</strong> Koné</p>


<div class="wp-block-image">
<figure class="aligncenter size-full is-resized"><img loading="lazy" decoding="async" src="https://ferchan-anima.org/wp-content/uploads/2022/10/Freddy-th.png" alt="" class="wp-image-103" width="183" height="264"/><figcaption class="wp-element-caption">Directeur Technique</figcaption></figure>
</div></div>



<div class="wp-block-column is-layout-flow wp-block-column-is-layout-flow">
<p class="has-text-align-center"><strong>David</strong> Fabre</p>


<div class="wp-block-image">
<figure class="aligncenter size-full is-resized"><img loading="lazy" decoding="async" src="https://ferchan-anima.org/wp-content/uploads/2022/10/David-F.jpg" alt="" class="wp-image-104" width="184" height="264"/><figcaption class="wp-element-caption">Architect / Designer</figcaption></figure>
</div></div>
</div>
</div>
</div>



<p>Anima est un collectif de créatifs issus des <strong>arts numériques</strong>, des <strong>arts plastiques</strong>, du<strong> design d&#8217;espace</strong> et du <strong>digital expérientiel</strong>.<br><br>Après avoir conçu et réalisé de nombreux projets de commande pour les plus grandes sociétés françaises et européennes, nous avons souhaité exprimer toute <strong>notre créativité collective sans contrainte</strong>.<br><br>Aujourd&#8217;hui, nous proposons des concepts allant de oeuvre phygitale* à l&#8217;exposition immersives itinérante avec comme seul leitmotiv, faire vivre <strong>un voyage onirique unique</strong> aux visiteurs.</p>



<p> </p>



<p class="has-text-align-right has-small-font-size">* Contraction des mots <strong>phy</strong>sique et di<strong>gital</strong>, </p>

<p>Virginie Ferret-Courtel Richard Galano Freddy Koné David Fabre Anima est un collectif de créatifs issus des arts numériques, des arts plastiques, du design d&#8217;espace et du digital expérientiel. Après avoir conçu et réalisé de nombreux projets de commande pour les plus grandes sociétés françaises et européennes, nous avons souhaité exprimer toute notre créativité collective sans &hellip; </p>
<p class="link-more"><a href="https://ferchan-anima.org/index.php/le-collectif/" class="more-link">Read more<span class="screen-reader-text"> &#8220;Le collectif&#8221;</span></a></p>
